{"id":1365,"date":"2022-07-28T08:49:00","date_gmt":"2022-07-28T08:49:00","guid":{"rendered":"https:\/\/ricardasmalinauskas.lt\/?page_id=1365"},"modified":"2023-03-14T07:52:18","modified_gmt":"2023-03-14T07:52:18","slug":"apie-mane","status":"publish","type":"page","link":"https:\/\/ricardasmalinauskas.lt\/?page_id=1365","title":{"rendered":"Apie mane"},"content":{"rendered":"\t\t<div data-elementor-type=\"wp-page\" data-elementor-id=\"1365\" class=\"elementor elementor-1365\">\n\t\t\t\t\t\t\t\t\t<section class=\"elementor-section elementor-top-section elementor-element elementor-element-9441916 elementor-section-boxed elementor-section-height-default elementor-section-height-default\" data-id=\"9441916\" data-element_type=\"section\">\n\t\t\t\t\t\t<div class=\"elementor-container elementor-column-gap-default\">\n\t\t\t\t\t<div class=\"elementor-column elementor-col-100 elementor-top-column elementor-element elementor-element-a267da6\" data-id=\"a267da6\" data-element_type=\"column\">\n\t\t\t<div class=\"elementor-widget-wrap elementor-element-populated\">\n\t\t\t\t\t\t\t\t<section class=\"elementor-section elementor-inner-section elementor-element elementor-element-cb9292b elementor-section-boxed elementor-section-height-default elementor-section-height-default\" data-id=\"cb9292b\" data-element_type=\"section\">\n\t\t\t\t\t\t<div class=\"elementor-container elementor-column-gap-default\">\n\t\t\t\t\t<div class=\"elementor-column elementor-col-50 elementor-inner-column elementor-element elementor-element-7570dff\" data-id=\"7570dff\" data-element_type=\"column\">\n\t\t\t<div class=\"elementor-widget-wrap elementor-element-populated\">\n\t\t\t\t\t\t\t\t<div class=\"elementor-element elementor-element-4ccd405 elementor-icon-list--layout-inline elementor-align-center elementor-list-item-link-full_width elementor-widget elementor-widget-icon-list\" data-id=\"4ccd405\" data-element_type=\"widget\" data-widget_type=\"icon-list.default\">\n\t\t\t\t<div class=\"elementor-widget-container\">\n\t\t\t<link rel=\"stylesheet\" href=\"https:\/\/ricardasmalinauskas.lt\/wp-content\/plugins\/elementor\/assets\/css\/widget-icon-list.min.css\">\t\t<ul class=\"elementor-icon-list-items elementor-inline-items\">\n\t\t\t\t\t\t\t<li class=\"elementor-icon-list-item elementor-inline-item\">\n\t\t\t\t\t\t\t\t\t\t\t<a href=\"https:\/\/ricardasmalinauskas.lt\/\">\n\n\t\t\t\t\t\t\t\t\t\t\t<span class=\"elementor-icon-list-text\">Pradinis<\/span>\n\t\t\t\t\t\t\t\t\t\t\t<\/a>\n\t\t\t\t\t\t\t\t\t<\/li>\n\t\t\t\t\t\t\t\t<li class=\"elementor-icon-list-item elementor-inline-item\">\n\t\t\t\t\t\t\t\t\t\t\t<a href=\"https:\/\/ricardasmalinauskas.lt\/?page_id=1365\">\n\n\t\t\t\t\t\t\t\t\t\t\t<span class=\"elementor-icon-list-text\">Apie mane<\/span>\n\t\t\t\t\t\t\t\t\t\t\t<\/a>\n\t\t\t\t\t\t\t\t\t<\/li>\n\t\t\t\t\t\t<\/ul>\n\t\t\t\t<\/div>\n\t\t\t\t<\/div>\n\t\t\t\t\t<\/div>\n\t\t<\/div>\n\t\t\t\t<div class=\"elementor-column elementor-col-50 elementor-inner-column elementor-element elementor-element-6c2f25a\" data-id=\"6c2f25a\" data-element_type=\"column\">\n\t\t\t<div class=\"elementor-widget-wrap elementor-element-populated\">\n\t\t\t\t\t\t\t\t<div class=\"elementor-element elementor-element-c2b323f elementor-align-center elementor-widget elementor-widget-button\" data-id=\"c2b323f\" data-element_type=\"widget\" data-widget_type=\"button.default\">\n\t\t\t\t<div class=\"elementor-widget-container\">\n\t\t\t\t\t<div class=\"elementor-button-wrapper\">\n\t\t\t<a href=\"https:\/\/ricardasmalinauskas.lt\/?product=knyga-jau-laikas\" class=\"elementor-button-link elementor-button elementor-size-md\" role=\"button\">\n\t\t\t\t\t\t<span class=\"elementor-button-content-wrapper\">\n\t\t\t\t\t\t<span class=\"elementor-button-text\">\u012esigyti knyg\u0105<\/span>\n\t\t<\/span>\n\t\t\t\t\t<\/a>\n\t\t<\/div>\n\t\t\t\t<\/div>\n\t\t\t\t<\/div>\n\t\t\t\t\t<\/div>\n\t\t<\/div>\n\t\t\t\t\t\t\t<\/div>\n\t\t<\/section>\n\t\t\t\t<div class=\"elementor-element elementor-element-be1c450 elementor-widget elementor-widget-spacer\" data-id=\"be1c450\" data-element_type=\"widget\" data-widget_type=\"spacer.default\">\n\t\t\t\t<div class=\"elementor-widget-container\">\n\t\t\t<style>\/*! elementor - v3.6.7 - 03-07-2022 *\/\n.e-container.e-container--row .elementor-spacer-inner{width:var(--spacer-size)}.e-container.e-container--column .elementor-spacer-inner,.elementor-column .elementor-spacer-inner{height:var(--spacer-size)}<\/style>\t\t<div class=\"elementor-spacer\">\n\t\t\t<div class=\"elementor-spacer-inner\"><\/div>\n\t\t<\/div>\n\t\t\t\t<\/div>\n\t\t\t\t<\/div>\n\t\t\t\t<div class=\"elementor-element elementor-element-f701585 elementor-widget elementor-widget-text-editor\" data-id=\"f701585\" data-element_type=\"widget\" data-widget_type=\"text-editor.default\">\n\t\t\t\t<div class=\"elementor-widget-container\">\n\t\t\t<style>\/*! elementor - v3.6.7 - 03-07-2022 *\/\n.elementor-widget-text-editor.elementor-drop-cap-view-stacked .elementor-drop-cap{background-color:#818a91;color:#fff}.elementor-widget-text-editor.elementor-drop-cap-view-framed .elementor-drop-cap{color:#818a91;border:3px solid;background-color:transparent}.elementor-widget-text-editor:not(.elementor-drop-cap-view-default) .elementor-drop-cap{margin-top:8px}.elementor-widget-text-editor:not(.elementor-drop-cap-view-default) .elementor-drop-cap-letter{width:1em;height:1em}.elementor-widget-text-editor .elementor-drop-cap{float:left;text-align:center;line-height:1;font-size:50px}.elementor-widget-text-editor .elementor-drop-cap-letter{display:inline-block}<\/style>\t\t\t\t<p>Ri\u010dardas Malinauskas<\/p>\t\t\t\t\t\t<\/div>\n\t\t\t\t<\/div>\n\t\t\t\t<div class=\"elementor-element elementor-element-9020b7b elementor-widget elementor-widget-text-editor\" data-id=\"9020b7b\" data-element_type=\"widget\" data-widget_type=\"text-editor.default\">\n\t\t\t\t<div class=\"elementor-widget-container\">\n\t\t\t\t\t\t\t<p>Druskinink\u0173 savivaldyb\u0117s meras nuo 2000 m. baland\u017eio 7 dienos.<br \/>Lietuvos kurort\u0173 asociacijos prezidentas 2019 &#8211; 2021 m.<br \/>Nepartinio jud\u0117jimo ,,U\u017e Druskininkus\u201c pirmininkas nuo 2016 m.<br \/>Lietuvos socialdemokrat\u0173 partijos pirmininko pavaduotojas 2004 &#8211; 2016 m.<br \/>Lietuvos savivaldybi\u0173 asociacijos prezidentas 2004 &#8211; 2019 m.<br \/>Europos S\u0105jungos region\u0173 komiteto nuolatinis narys nuo 2004 m.<br \/>UAB ,,Hesona\u201c generalinis direktorius 1993 &#8211; 2000 m.<br \/>UAB,,Madma\u201c direktoriaus pavaduotojas komercijai 1991 &#8211; 1993 m.<\/p><p>R. Malinauskas gim\u0117 1965 m. baland\u017eio 22 d. Marijampol\u0117s rajone, Skais\u010di\u016bnuose. T\u0117vai Birut\u0117 ir Viliumas Malinauskai &#8211; verslininkai. T\u0117vas V. Malinauskas &#8211; unikalaus sovietini\u0173 skulpt\u016br\u0173 Gr\u016bto parko \u012fk\u016br\u0117jas, apdovanotas alternatyvia Nobelio Taikos premija.<\/p>\t\t\t\t\t\t<\/div>\n\t\t\t\t<\/div>\n\t\t\t\t<div class=\"elementor-element elementor-element-7e93be7 elementor-widget elementor-widget-text-editor\" data-id=\"7e93be7\" data-element_type=\"widget\" data-widget_type=\"text-editor.default\">\n\t\t\t\t<div class=\"elementor-widget-container\">\n\t\t\t\t\t\t\t<p>Apdovanojimai ir \u012fvertinimai<\/p>\t\t\t\t\t\t<\/div>\n\t\t\t\t<\/div>\n\t\t\t\t<div class=\"elementor-element elementor-element-5f399d5 elementor-widget elementor-widget-text-editor\" data-id=\"5f399d5\" data-element_type=\"widget\" data-widget_type=\"text-editor.default\">\n\t\t\t\t<div class=\"elementor-widget-container\">\n\t\t\t\t\t\t\t<p>Suteiktas \u201eAuksin\u0117s kriv\u016bl\u0117s riterio\u201c vardas u\u017e nuopelnus Lietuvos savivaldai <br \/>(Lietuvos savivaldybi\u0173 asociacija, 2015 m.);<br \/>Apdovanotas Sporto garb\u0117s kry\u017eiumi u\u017e \u017eym\u0173 ind\u0117l\u012f vystant savivaldyb\u0117s ir \u0161alies <br \/>sporto infrastrukt\u016br\u0105 (K\u016bno kult\u016bros ir sporto departamentas prie LR Vyriausyb\u0117s, 2013 m.);<br \/>Apdovanotas \u201eGarb\u0117s \u017eenklu\u201c u\u017e nuopelnus Vidaus reikal\u0173 sistemai (Lietuvos <br \/>Vidaus reikal\u0173 ministerija, 2015 m.);<br \/>Apdovanotas Valstyb\u0117s sienos apsaugos tarnybos garb\u0117s \u017eenklu \u201eU\u017e nuopelnus <br \/>valstyb\u0117s sienos apsaugai\u201c (Valstyb\u0117s sienos apsaugos tarnyba prie Vidaus reikal\u0173 ministerijos, 2013 m.);<br \/>Apdovanotas Prekybos, pramon\u0117s ir amat\u0173 r\u016bm\u0173 Lietuvoje \u201ePad\u0117kos \u017eenklu\u201c <br \/>(Lietuvos prekybos, pramon\u0117s ir amat\u0173 r\u016bm\u0173 asociacija, 2012 m.);<br \/>Apdovanotas medaliu \u201eU\u017e nuopelnus Lietuvos turizmui\u201c (Valstybinis turizmo departamentas prie \u016akio ministerijos, 2012 m.);<br \/>U\u017e nuopelnus savivaldai apdovanotas Kauno miesto burmistro Jono Vilei\u0161io \u017ealvariniu medaliu (2009 m.);<br \/>\u012eteikta Vytauto Andriaus Grai\u010di\u016bno nominacija \u201eU\u017e profesionali\u0105 bei vaising\u0105 <br \/>veikl\u0105 pl\u0117tojant Druskinink\u0173 miesto ir savivaldyb\u0117s ekonomik\u0105, kult\u016br\u0105, stiprinant savivaldos pl\u0117tr\u0105, savivaldos institucij\u0173 santyki\u0173 su visuomene tobulinim\u0105, <br \/>s\u0117kming\u0105 vadybos princip\u0173 taikym\u0105 visuomen\u0117s labui\u201c (Lietuvos pramoninink\u0173 <br \/>konfederacija, 2009 m.);<br \/>I\u0161rinktas geriausiu Lietuvos meru (\u017eurnalo \u201eVeidas\u201c organizuotas konkursas, <br \/>2008 m.);<br \/>Suteiktas \u201ePartneryst\u0117s lyderio 2007\u201c vardas (Tarptautiniai prekybos r\u016bmai ICC <br \/>Lietuva, 2008 m.);<br \/>\u012eteiktas \u201eProfesijos Riterio\u201c apdovanojimas u\u017e ilgamet\u012f ir produktyv\u0173 bendradarbiavim\u0105 tarp Lietuvos savivaldybi\u0173 asociacijos ir Lietuvos pramoninink\u0173 konfederacijos (Lietuvos pramoninink\u0173 konfederacija, 2006 m.).<br \/>Apdovanotas medaliu \u201eU\u017e regionin\u012f prover\u017e\u012f\u201c (\u016akio ministerija 2006 m.);<br \/>Apdovanotas sporto garb\u0117s komandoro \u017eenklu u\u017e nuopelnus Lietuvos sportui <br \/>(K\u016bno kult\u016bros ir sporto departamentas prie LR Vyriausyb\u0117s, 2005 m.);<br \/>U\u017e param\u0105 policijai palaikant vie\u0161\u0105j\u0105 tvark\u0105, stiprinant teis\u0117tvark\u0105, atskleid\u017eiant <br \/>ir u\u017ekardant nusikalstamas veikas apdovanotas \u017eenklu \u201eU\u017e param\u0105 policijai\u201c (Policijos departamentas prie Vidaus reikal\u0173 ministerijos, 2004 m.);<br \/>Apdovanotas ordino \u201eU\u017e nuopelnus Lietuvai\u201c Riterio kry\u017eiumi (Lietuvos Respublikos prezidentas, 2004 m.);<br \/>Apdovanotas auksiniu medaliu u\u017e s\u0117kming\u0105 kurorto pl\u0117tr\u0105 (Pasaulin\u0117 hidroterapijos ir klimatoterapijos federacija, 2003 m.);<br \/>Apdovanotas Olimpine \u017evaig\u017ede \u201eU\u017e ind\u0117l\u012f \u012f sporto pl\u0117tr\u0105\u201c (Tautinis olimpinis komitetas, 2003 m.).<br \/><br \/><\/p>\t\t\t\t\t\t<\/div>\n\t\t\t\t<\/div>\n\t\t\t\t<div class=\"elementor-element elementor-element-161d1f3 elementor-widget-divider--view-line elementor-widget elementor-widget-divider\" data-id=\"161d1f3\" data-element_type=\"widget\" data-widget_type=\"divider.default\">\n\t\t\t\t<div class=\"elementor-widget-container\">\n\t\t\t<style>\/*! elementor - v3.6.7 - 03-07-2022 *\/\n.elementor-widget-divider{--divider-border-style:none;--divider-border-width:1px;--divider-color:#2c2c2c;--divider-icon-size:20px;--divider-element-spacing:10px;--divider-pattern-height:24px;--divider-pattern-size:20px;--divider-pattern-url:none;--divider-pattern-repeat:repeat-x}.elementor-widget-divider .elementor-divider{display:-webkit-box;display:-ms-flexbox;display:flex}.elementor-widget-divider .elementor-divider__text{font-size:15px;line-height:1;max-width:95%}.elementor-widget-divider .elementor-divider__element{margin:0 var(--divider-element-spacing);-ms-flex-negative:0;flex-shrink:0}.elementor-widget-divider .elementor-icon{font-size:var(--divider-icon-size)}.elementor-widget-divider .elementor-divider-separator{display:-webkit-box;display:-ms-flexbox;display:flex;margin:0;direction:ltr}.elementor-widget-divider--view-line_icon .elementor-divider-separator,.elementor-widget-divider--view-line_text .elementor-divider-separator{-webkit-box-align:center;-ms-flex-align:center;align-items:center}.elementor-widget-divider--view-line_icon .elementor-divider-separator:after,.elementor-widget-divider--view-line_icon .elementor-divider-separator:before,.elementor-widget-divider--view-line_text .elementor-divider-separator:after,.elementor-widget-divider--view-line_text .elementor-divider-separator:before{display:block;content:\"\";border-bottom:0;-webkit-box-flex:1;-ms-flex-positive:1;flex-grow:1;border-top:var(--divider-border-width) var(--divider-border-style) var(--divider-color)}.elementor-widget-divider--element-align-left .elementor-divider .elementor-divider-separator>.elementor-divider__svg:first-of-type{-webkit-box-flex:0;-ms-flex-positive:0;flex-grow:0;-ms-flex-negative:100;flex-shrink:100}.elementor-widget-divider--element-align-left .elementor-divider-separator:before{content:none}.elementor-widget-divider--element-align-left .elementor-divider__element{margin-left:0}.elementor-widget-divider--element-align-right .elementor-divider .elementor-divider-separator>.elementor-divider__svg:last-of-type{-webkit-box-flex:0;-ms-flex-positive:0;flex-grow:0;-ms-flex-negative:100;flex-shrink:100}.elementor-widget-divider--element-align-right .elementor-divider-separator:after{content:none}.elementor-widget-divider--element-align-right .elementor-divider__element{margin-right:0}.elementor-widget-divider:not(.elementor-widget-divider--view-line_text):not(.elementor-widget-divider--view-line_icon) .elementor-divider-separator{border-top:var(--divider-border-width) var(--divider-border-style) var(--divider-color)}.elementor-widget-divider--separator-type-pattern{--divider-border-style:none}.elementor-widget-divider--separator-type-pattern.elementor-widget-divider--view-line .elementor-divider-separator,.elementor-widget-divider--separator-type-pattern:not(.elementor-widget-divider--view-line) .elementor-divider-separator:after,.elementor-widget-divider--separator-type-pattern:not(.elementor-widget-divider--view-line) .elementor-divider-separator:before,.elementor-widget-divider--separator-type-pattern:not([class*=elementor-widget-divider--view]) .elementor-divider-separator{width:100%;min-height:var(--divider-pattern-height);-webkit-mask-size:var(--divider-pattern-size) 100%;mask-size:var(--divider-pattern-size) 100%;-webkit-mask-repeat:var(--divider-pattern-repeat);mask-repeat:var(--divider-pattern-repeat);background-color:var(--divider-color);-webkit-mask-image:var(--divider-pattern-url);mask-image:var(--divider-pattern-url)}.elementor-widget-divider--no-spacing{--divider-pattern-size:auto}.elementor-widget-divider--bg-round{--divider-pattern-repeat:round}.rtl .elementor-widget-divider .elementor-divider__text{direction:rtl}<\/style>\t\t<div class=\"elementor-divider\">\n\t\t\t<span class=\"elementor-divider-separator\">\n\t\t\t\t\t\t<\/span>\n\t\t<\/div>\n\t\t\t\t<\/div>\n\t\t\t\t<\/div>\n\t\t\t\t<div class=\"elementor-element elementor-element-4dda0b0 elementor-icon-list--layout-inline elementor-align-center elementor-list-item-link-full_width elementor-widget elementor-widget-icon-list\" data-id=\"4dda0b0\" data-element_type=\"widget\" data-widget_type=\"icon-list.default\">\n\t\t\t\t<div class=\"elementor-widget-container\">\n\t\t\t\t\t<ul class=\"elementor-icon-list-items elementor-inline-items\">\n\t\t\t\t\t\t\t<li class=\"elementor-icon-list-item elementor-inline-item\">\n\t\t\t\t\t\t\t\t\t\t\t<a href=\"https:\/\/ricardasmalinauskas.lt\/?page_id=9\">\n\n\t\t\t\t\t\t\t\t\t\t\t<span class=\"elementor-icon-list-text\">Pirkimo s\u0105lygos<br><\/span>\n\t\t\t\t\t\t\t\t\t\t\t<\/a>\n\t\t\t\t\t\t\t\t\t<\/li>\n\t\t\t\t\t\t\t\t<li class=\"elementor-icon-list-item elementor-inline-item\">\n\t\t\t\t\t\t\t\t\t\t\t<a href=\"https:\/\/ricardasmalinauskas.lt\/?page_id=3\">\n\n\t\t\t\t\t\t\t\t\t\t\t<span class=\"elementor-icon-list-text\">Privatumo politika<br><\/span>\n\t\t\t\t\t\t\t\t\t\t\t<\/a>\n\t\t\t\t\t\t\t\t\t<\/li>\n\t\t\t\t\t\t\t\t<li class=\"elementor-icon-list-item elementor-inline-item\">\n\t\t\t\t\t\t\t\t\t\t\t<a href=\"https:\/\/ricardasmalinauskas.lt\/?page_id=559\">\n\n\t\t\t\t\t\t\t\t\t\t\t<span class=\"elementor-icon-list-text\">Kontaktai<\/span>\n\t\t\t\t\t\t\t\t\t\t\t<\/a>\n\t\t\t\t\t\t\t\t\t<\/li>\n\t\t\t\t\t\t<\/ul>\n\t\t\t\t<\/div>\n\t\t\t\t<\/div>\n\t\t\t\t\t<\/div>\n\t\t<\/div>\n\t\t\t\t\t\t\t<\/div>\n\t\t<\/section>\n\t\t\t\t\t\t\t<\/div>\n\t\t","protected":false},"excerpt":{"rendered":"<p>Pradinis Apie mane \u012esigyti knyg\u0105 Ri\u010dardas Malinauskas Druskinink\u0173 savivaldyb\u0117s meras nuo 2000 m. baland\u017eio 7 dienos.Lietuvos kurort\u0173 asociacijos prezidentas 2019 &#8211; 2021 m.Nepartinio jud\u0117jimo ,,U\u017e Druskininkus\u201c pirmininkas nuo 2016 m.Lietuvos socialdemokrat\u0173 partijos pirmininko pavaduotojas 2004 &#8211; 2016 m.Lietuvos savivaldybi\u0173 asociacijos prezidentas 2004 &#8211; 2019 m.Europos S\u0105jungos region\u0173 komiteto nuolatinis narys nuo 2004 m.UAB ,,Hesona\u201c generalinis [&hellip;]<\/p>\n","protected":false},"author":1,"featured_media":0,"parent":0,"menu_order":0,"comment_status":"closed","ping_status":"closed","template":"","meta":{"om_disable_all_campaigns":false,"_monsterinsights_skip_tracking":false,"_monsterinsights_sitenote_active":false,"_monsterinsights_sitenote_note":"","_monsterinsights_sitenote_category":0},"_links":{"self":[{"href":"https:\/\/ricardasmalinauskas.lt\/index.php?rest_route=\/wp\/v2\/pages\/1365"}],"collection":[{"href":"https:\/\/ricardasmalinauskas.lt\/index.php?rest_route=\/wp\/v2\/pages"}],"about":[{"href":"https:\/\/ricardasmalinauskas.lt\/index.php?rest_route=\/wp\/v2\/types\/page"}],"author":[{"embeddable":true,"href":"https:\/\/ricardasmalinauskas.lt\/index.php?rest_route=\/wp\/v2\/users\/1"}],"replies":[{"embeddable":true,"href":"https:\/\/ricardasmalinauskas.lt\/index.php?rest_route=%2Fwp%2Fv2%2Fcomments&post=1365"}],"version-history":[{"count":22,"href":"https:\/\/ricardasmalinauskas.lt\/index.php?rest_route=\/wp\/v2\/pages\/1365\/revisions"}],"predecessor-version":[{"id":2541,"href":"https:\/\/ricardasmalinauskas.lt\/index.php?rest_route=\/wp\/v2\/pages\/1365\/revisions\/2541"}],"wp:attachment":[{"href":"https:\/\/ricardasmalinauskas.lt\/index.php?rest_route=%2Fwp%2Fv2%2Fmedia&parent=1365"}],"curies":[{"name":"wp","href":"https:\/\/api.w.org\/{rel}","templated":true}]}}